/6)/(1/(-3)). Suppose 15*d + 416 = 67*d. Let x = d + f. Calculate the remainder when x is divided by 5.
3
Let c(q) = 3*q**3 + 13*q**2 - 35*q + 27. Calculate the remainder when c(10) is divided by 1986.
5
Let a = -32650 + 32680. Let u be 3/6*0 - -3. Let p = u - -12. Calculate the remainder when a is divided by p.
0
Let f(o) = 142*o**2 + 410*o - 2773. Calculate the remainder when f(7) is divided by 56.
55
Let f = -5 + 58. Suppose 2*l - 163 = f. Suppose -l = -4*o - 0*o. Calculate the remainder when 161 is divided by o.
26
Let c = 3082 - 2963. Calculate the remainder when c is divided by 12.
11
What is the remainder when (9 - -4 - 18) + 752 is divided by 363?
21
Let g(m) = 699*m + 13290. Calculate the remainder when 10457 is divided by g(-19).
8
Suppose 0 = 4*r - r - 411. Suppose -4380 = 13*t - 159*t. Calculate the remainder when r is divided by t.
17
Suppose 0*s = 4*s - 8. Let r be -33 + -1*(5 + 2 - 4). What is the remainder when r/(-18) + 6 + 0 is divided by s?
0
Let i = -269 - -539. Suppose 1233 = 9*v + i. Suppose 0 = -5*j + f + 29 + 65, 42 = 3*j + 3*f. Calculate the remainder when v is divided by j.
17
Let i(r) be the first derivative of 2*r**3/3 - 11*r**2/2 + 30*r - 67. What is the remainder when 169 is divided by i(5)?
19
Let l(b) = b**2 - 9*b + 7. Let q(d) = -8*d - 15. What is the remainder when l(-10) is divided by q(-5)?
22
Suppose 11*n - 2*v + 1109 = 8*n, -2*n - 3*v - 761 = 0. Let t = n - -423. What is the remainder when t is divided by 11?
6
Suppose 12*b - 41*b + 261 = 0. Suppose u - 4*c - 44 = 0, u + 4*c - 26 - 10 = 0. What is the remainder when u is divided by b?
4
Let f(b) = b**3 + 38*b**2 + 64*b - 243. What is the remainder when 154 is divided by f(-36)?
19
Suppose 8*r - 121 - 295 = 0. Suppose 0 = 5*g - 5*s - 175, 0 = -2*g - 5*s - 10 + r. Calculate the remainder when g is divided by 14.
3
Suppose -77*c = -16*c - 7442. Calculate the remainder when 249 is divided by c.
5
Suppose 0 = 4*v + v - 15. Let u = 1008 - 981. Calculate the remainder when u is divided by 41/3 + 1/v.
13
Let a(x) = 101*x + 8176. Calculate the remainder when a(-69) is divided by 31.
29
What is the remainder when 1107 is divided by (-5)/((-120)/1704) - -3?
71
Suppose -3*s = -5*c + 659, s - c - 77 = -300. Let j = s + 251. Calculate the remainder when 43 is divided by j.
20
Let b = -45 - -39. Let y be (20/(-15))/(4/b). Suppose -3*r + 165 = -y*q, -195 = -3*r - 5*q - 30. Calculate the remainder when r is divided by 19.
17
Let d = 18 - -4. Suppose 0 = -3*l + f + 277, -l - f = 2*l - 275. Let x = l - 80. What is the remainder when d is divided by x?
10
Suppose -1989 = -52*r + 2529 + 3178. Calculate the remainder when r is divided by 72.
4
Let x = -103 - -106. Suppose 0 = -3*n + x*j + 96, -170 = -n - 4*n - 5*j. Calculate the remainder when 55 is divided by n.
22
Let h = 1 - -2. Suppose 282*z - 24 = 281*z - 6*n, 15 = 5*n. Calculate the remainder when z is divided by ((-12)/10)/h*-10.
2
Let n be 0*(-6 - 52/(-8)). Suppose 13*g - 2620 - 1943 = n. Calculate the remainder when g is divided by 71.
67
Let w(g) = -6*g - 3. Let h be w(-1). Suppose 3*x = -0*f + 5*f - 90, h*x = 4*f - 90. Let q = x - -56. Calculate the remainder when 49 is divided by q.
23
Let t(f) = 8*f + 25. Let g(o) = 2*o + 6. Let c(y) = 18*g(y) - 4*t(y). What is the remainder when 95 + -6 + 0/(-2) is divided by c(4)?
17
Let k = -5 + 10. Suppose 4*r = -k*a + 822, -3*a - r = -0*r - 496. Suppose 99 = -5*b - 4*i + 263, 3*i + 66 = 3*b. Calculate the remainder when a is divided by b.
26
Let p(b) = -b. Let y(g) = -75*g + 15910. What is the remainder when y(212) is divided by p(-3)?
1
Let x be (130/(-30))/(14/6 - 2). Let c(n) = -n**3 - 13*n**2 - 5*n + 11. Let j be c(x). Suppose -7*q = -3*q - j. Calculate the remainder when 30 is divided by q.
11
Let l(w) = 7*w + 2. Suppose -5*h = 5*g - 940, -32*g = -28*g + 12. What is the remainder when h is divided by l(2)?
15
Let w(k) = 31*k**2 - 4*k + 13. Let i be w(3). Suppose 9*q = 2*q + i. Calculate the remainder when q is divided by 6.
4
Suppose -5*w - 5*a + 70 = 0, -16*w + a = -13*w - 22. Suppose 0*d - 4*i = 2*d - 28, -3*i + 12 = 0. Calculate the remainder when 3/2*284/d is divided by w.
8
Let y(s) = 3*s**2 + 92*s + 686. Calculate the remainder when 77 is divided by y(-19).
14
Let a(m) = -2*m**3 + 7*m**2 + m. Let s be (-80)/(-30)*90/(-8). Let k = s - -63. Calculate the remainder when k is divided by a(3).
9
Suppose 3*y - 6 + 0 = 0. Suppose y*n - 56 = -2. Suppose 3*k - 482 = -5*f, -124 = -5*k - 3*f + 674. What is the remainder when k is divided by n?
24
Let d = 10 + -6. Suppose -3*o - 2 = -q, -3*q + 0*o - 2*o = -6. Suppose -40 = -q*p - 2*l - 2*l, -53 = -d*p + l. What is the remainder when 54 is divided by p?
12
Suppose t - 3*c = 1490, 21*t - 5*c + 1498 = 22*t. Calculate the remainder when t is divided by 187.
184
Let c = -7553 + 7632. Let j = -1682 + 2550. Calculate the remainder when j is divided by c.
78
Suppose d = -4*w + 41, -d + 7 = -4*w - 2. Suppose d = 4*y - 11. Let t = -589 + 605. What is the remainder when t is divided by y?
7
Suppose 8*x - 3*x + 2360 = 0. Let i = -314 - x. Calculate the remainder when i is divided by 16.
14
Suppose 15*u - 17*u + 538 = 0. Let f = u - 74. Calculate the remainder when f is divided by 40.
35
Let s = 10303 - 10241. Calculate the remainder when 4958 is divided by s.
60
Suppose 0 = -3*m + 60 - 12. Let h be (-4)/(-26) - 4/((-260)/10455). Suppose 0 = 8*i - h - 87. Calculate the remainder when i is divided by m.
15
Let y(n) = 2*n + 3. Let l be y(6). Let o = l + 0. Let k = -625 + 633. Calculate the remainder when o is divided by k.
7
Let q = 28 - -7. Let t(z) = -18*z + 34. What is the remainder when q is divided by t(1)?
3
Let i(r) = -105*r - 129. Let q be i(-11). Suppose -q = -15*z + 9. Suppose -3*h = -17 - 55. Calculate the remainder when z is divided by h.
21
Let q(y) = -3*y + 44. Let o be q(14). Suppose -8*h + 222 = -o*h. Calculate the remainder when h is divided by 10.
7
Let l = 3931 + -3842. Calculate the remainder when l is divided by 31.
27
Let i(o) = -o**2 - 20*o + 4. Let z be i(-20). Suppose 4*n - 3*b - 43 = 0, 0*n + 5*b + 37 = z*n. Calculate the remainder when 37 is divided by n.
11
Let g(n) = -2*n**3 - 2*n**2 + n - 2. Let a be g(-2). Suppose -a*p - 63 = -13*p. What is the remainder when 37 is divided by p?
2
Let o = 131 - 124. Suppose o*q - 9 = 19. Calculate the remainder when (-1 - 0)/((-21)/693) is divided by q.
1
Let f = 362 + -363. Let q(n) = -9*n**3 - n**2 - 6*n - 5. What is the remainder when 66/(-8)*(-16)/6 is divided by q(f)?
4
Let l = 42 - 34. Suppose -1 = 4*b - 5*u, l = -5*b + 3*b + 4*u. What is the remainder when 4/b*(-6 + 15) is divided by 5?
1
Let t = 5901 - 5808. What is the remainder when 1485 is divided by t?
90
Let l(m) = 63*m**3 - 41*m**2 + 203*m - 8. What is the remainder when l(6) is divided by 24?
22
What is the remainder when (-265 - 0)*(56/(-5) + (-810)/162) is divided by 8?
5
Let a(x) = -2*x**2 - 4*x + 12. Let j be a(0). Calculate the remainder when -123*(0/(-1) + -1) is divided by (j/(-8))/((-19)/228).
15
Let s = 95 + -66. Let h(c) = 5. Let m(y) = -y + 4. Let k(j) = 6*h(j) - 5*m(j). Calculate the remainder when k(9) is divided by s.
26
Let b(c) = -c**3 + 13*c**2 - 11*c + 22. Let p be b(12). Suppose 5*x - 4 - p = -2*t, -13 = -t - x. What is the remainder when t is divided by 6?
3
Let i(t) = 3*t**2 + 142*t - 834. What is the remainder when 1205 is divided by i(-53)?
66
Let s(f) = f**2 - f - 2. Let b be s(-1). Suppose b = 2*r + r - 915. Suppose 0 = -d + 6*d - r. Calculate the remainder when d is divided by 8.
5
Let y = 10959 - 10419. Calculate the remainder when y is divided by 59.
9
Let c(v) = -10*v**2 - 3*v. Let h be c(4). Suppose -40*o + 35*o = -55. What is the remainder when h*3*(-1)/12 is divided by o?
10
Suppose 0 = -i - 2*y + 1835, -223*i + 5*y - 7364 = -227*i. Calculate the remainder when i is divided by 208.
187
Let q = -11 - -234. Let g = 539 - q. What is the remainder when g is divided by 53?
51
Let p = -99 - -51. Let q = p + 51. What is the remainder when 68 is divided by q?
2
Let n = 14150 + -13208. What is the remainder when n is divided by 16?
14
Calculate the remainder when -33*6/(-18) + 275/1 is divided by 6.
4
Let y(i) = -1 - 27*i + 52 - 15*i - 4*i**3 + 3*i**3 - 24*i**2. Calculate the remainder 